m**2 - 20*m - 13. Let u be f(-19). Suppose 2*g - 5*q + u = 0, -2*g - 6 = -0*g - 3*q. What is the units digit of (2/g)/((-8)/696)?
8
What is the thousands digit of ((-24468)/(-6))/((42/28)/(0 - -3))?
8
Let x(u) = 2*u - 1. Let r(t) = -34*t + 49. Let c(g) = -r(g) + 2*x(g). What is the tens digit of c(3)?
6
Suppose 50*c - 35*c = 390. Suppose 4*k + n - 19 = 0, n - 12 = -5*k + 12. Suppose -4*l + 170 = k*h, 2*h - c = 2*l + 60. What is the tens digit of h?
3
Let z be (-3)/(4 + -4 + 4/(-12)). Let p(c) = -c**3 + 16*c**2 - 14*c + 31. What is the units digit of p(z)?
2
Suppose -153*g = -51*g - 908412. What is the hundreds digit of g?
9
Let g(m) = -79 + 31*m + 2 - 118 - 55 + 42. What is the units digit of g(20)?
2
Let z = 28532 + -20807. What is the tens digit of z?
2
Suppose 0 = -2*o + 2*m + 144, 2*m + 236 = 5*o - 115. Suppose 119 = n - 2*y, 3*n = y + 214 + 138. Let v = n - o. What is the tens digit of v?
4
Let g be 4*(-2)/12*-537. Let n = g + -100. What is the tens digit of n?
5
Let h be (-1 - 0) + -1 + 15/5. What is the tens digit of 23 + 315 + h*3/(-1)?
3
Let o be (-1 + 0)/((-4)/(-888)). Suppose -4*c + 1514 = 2*f + 82, 3*c - 1088 = -5*f. Let w = c + o. What is the hundreds digit of w?
1
Suppose 0 = -4*n + 5*l + 533, -5*n + l + 662 = -l. Suppose n = -3*f - 3*f. Let r = f + 197. What is the hundreds digit of r?
1
Let s(z) = 53*z**2 - 24*z**2 - 4*z + 154 - 28*z**2. What is the hundreds digit of s(0)?
1
Let k(b) = b - 23. Let i be k(37). Suppose -2319 = -5*u + 3*t, 5*u - i*t - 2327 = -15*t. What is the tens digit of u?
6
Suppose -5*g = -7*c - 2726, 5*g - 43*c - 2740 = -38*c. What is the units digit of g?
5
Suppose 1956458 = 77*t + 548381 - 729982. What is the ten thousands digit of t?
2
Suppose 1377 = 10*v - 413. Let n = v + -122. Let g = n + -34. What is the tens digit of g?
2
Let y(a) = 2*a - 21. Suppose -p = v + 7, 0*p - 8 = -4*p. Let h be y(v). Let i = 124 + h. What is the tens digit of i?
8
Suppose 5*u - 42437 = -2*t, 3*t - t + 8 = 0. What is the thousands digit of u?
8
Suppose 11*b = 15*b - 696. Let q(d) = 3*d + 34. Let k be q(-18). Let n = k + b. What is the hundreds digit of n?
1
Let k = -4205 - -12256. What is the units digit of k?
1
Let p(k) = k**3 - 9*k**2 - 10*k + 10. Suppose -6*a + 4*a = -20. Let w be p(a). Suppose -183 = 7*q - w*q. What is the tens digit of q?
6
Let i(l) = l**2 - 12*l - 33. Let h = -151 + 55. Let m be ((-9)/6)/(9/h). What is the units digit of i(m)?
1
Suppose 114*l = 113*l + 4. Suppose 517 = -l*p + 3033. What is the units digit of p?
9
Let s = 5352 + 1584. What is the hundreds digit of s?
9
Let i(r) = -r**3 + 250*r**2 + 14*r - 61. What is the tens digit of i(-15)?
5
Suppose c - 39 + 59 = 0. Let h = c - -16. Let y(u) = 7*u**2 - 3*u + 7. What is the units digit of y(h)?
1
Let v(x) = -x**3 + 42*x**2 + 40*x - 17. Let m(d) = -d**3 + 41*d**2 + 39*d - 18. Let a(h) = 4*m(h) - 5*v(h). What is the units digit of a(47)?
4
Let h(t) = -3263*t - 1553. What is the hundreds digit of h(-12)?
6
Let h(x) = x**3 - 29*x**2 - 44*x + 54. Let n(m) = 2*m**3 - 58*m**2 - 88*m + 107. Let d(j) = -5*h(j) + 2*n(j). What is the units digit of d(30)?
4
What is the units digit of ((-15)/(-45))/(7/103551)?
1
Let g(p) = -p**3 + 27*p**2 + 8*p - 18. Let v be -2 - (-1 - -5)*(-3)/6. Suppose v = 2*a + z - 50, -15 = -a - 0*a - 3*z. What is the units digit of g(a)?
8
Let c(p) = 4786*p - 30. Let r be c(7). Let g be r/8 - (-2)/2. What is the tens digit of 2/(-5) - (-1)/(25/g)?
6
Suppose -5*s + 25947 = -b - 77845, 83028 = 4*s + 2*b. What is the hundreds digit of s?
7
Suppose 136840 = 11*v - 289806. What is the units digit of v?
6
What is the units digit of (157012/10 - -5) + (3 - (-80)/(-25))?
6
Let s(o) = 81*o - 42. Let l = -80 - -86. Let r be s(l). Suppose 0 = 9*w - r - 141. What is the units digit of w?
5
Let d = -30 + 34. Suppose 2*j - 8 = -r, -d*r + 12 = -2*j - 0. Suppose j*p = t - 69, 5*p - 1 + 26 = 0. What is the units digit of t?
9
Let r(o) = o + 1. Let p(k) = -9*k - 24. Let s(l) = -p(l) - 3*r(l). Suppose 13 + 5 = 2*b. What is the tens digit of s(b)?
7
Let q = 20 - 8. Let a = -128 - -284. Suppose q*m - 14*m = -a. What is the units digit of m?
8
Suppose -32*q = -34*q + x + 14423, 21632 = 3*q - x. What is the hundreds digit of q?
2
Suppose -138*n - 47*n + 777024 = 105659. What is the thousands digit of n?
3
Let t = 17308 + -8251. What is the tens digit of t?
5
Suppose 70*s - 1999294 = -760650 + 1467486. What is the ten thousands digit of s?
3
Let a(x) = x**3 - x**2 + 4*x - 12. Let i be a(2). Suppose -5*s + 528 + 837 = i. What is the hundreds digit of s?
2
Let p(y) = 108*y - 7. Let f be p(-5). Let n = 370 + f. Let c = -94 - n. What is the tens digit of c?
8
Let f be (1 + 0)/((-3)/(-33)). Suppose 2*u = 5*n + 78, 2*u + 118 - 192 = 3*n. Suppose -a = -u - f. What is the units digit of a?
5
Let m = 197 + -300. Let x = 225 + m. What is the hundreds digit of x?
1
Suppose -q + 3*b + 298 = -508, -q + 4*b + 806 = 0. Suppose -4*m + 1607 = -5*t, 0 = m - 3*m + 2*t + q. What is the units digit of m?
8
Let q = 150384 + -62202. What is the hundreds digit of q?
1
Let c be (2 + (-35)/15)*-1167 + 2. What is the units digit of 168866/c + 4/34?
2
Suppose -2*l - 9*k + 42523 = -4*k, 7*l - 3*k = 148728. What is the units digit of l?
9
Suppose -4*l + u = -13283, -9951 = l - 4*l + 3*u. Let s be (l/(-6))/((-7)/(-63)). What is the units digit of (-2)/(44/s*(-6)/(-4))?
1
Suppose -5*f + 0*j = j, 4*f + 4*j = 0. Suppose -i = u + 6, 2*i - 4*i + 3*u - 2 = f. Let d(k) = 7*k**2 - 6*k - 5. What is the hundreds digit of d(i)?
1
What is the hundreds digit of (-21*18)/((-47)/54003*6)?
3
Let h(t) = -t**3 + 8*t**2 - 52*t - 705. What is the tens digit of h(-14)?
3
Suppose 6*b = 5*z + 4*b - 11685, -2329 = -z + 2*b. Suppose 0 = -3*l - 2*h + z, 5*h - 1663 = -4*l + 1458. What is the tens digit of l?
7
Let x be 1*(-48)/18*6/4. What is the units digit of (-4 - 48/(-9))/(x/(-12))?
4
Let f = -17429 - -33836. What is the hundreds digit of f?
4
Let s be 1 + (4 - (0 - -2)) + 31. Suppose -2*d - s - 72 = 0. Let c = 87 + d. What is the tens digit of c?
3
Let u = -41 - -48. Let q(f) = 16*f + 35. What is the units digit of q(u)?
7
Let w(q) = -178*q - 884. What is the tens digit of w(-12)?
5
Let f = 3017 + 4086. What is the hundreds digit of f?
1
Let d(x) = 3*x**2 + 19*x + 12. Let k be d(-6). Let z(v) = -1 + 10*v**3 - 9*v**3 - 5*v**2 + 15*v + 1. What is the units digit of z(k)?
6
Let d(h) = 47*h - 63. Let j(c) = -46*c + 63. Let i(s) = -4*d(s) - 5*j(s). Suppose -3*p = -4*f - 34, -15*f + 8 = 4*p - 11*f. What is the hundreds digit of i(p)?
1
Suppose 19*g - 12*g = 35. Suppose -356 = -o - g*a, 0 = -a - 0*a. What is the units digit of o?
6
Suppose 0 = 4*s - 24, -3*r - 12806 = -4*r - 3*s. What is the hundreds digit of r?
7
Suppose 4*o - 78 = 122. Let w be (-30)/o - (-18)/5. Suppose -5*j + 4*b + 88 + 180 = 0, -3*j + w*b = -159. What is the units digit of j?
6
Suppose -3430 = -d - 5*k + 3169, 4*d + k = 26396. What is the hundreds digit of d?
5
Let n = -3651 - -4609. What is the hundreds digit of n?
9
Let q(l) = 3*l**2 - 9*l - 5. Let f be q(-2). Suppose 0 = -f*u + 41*u - 7744. What is the tens digit of u?
8
Let s(j) = 93*j**2 + 95*j - 1107. What is the ten thousands digit of s(11)?
1
What is the tens digit of (0 + 485)/((-133)/(-665))?
2
Let r(b) = -36*b**2 + 2*b - 1. Let l be r(3). Suppose -2*n = -2*k + 168 + 264, 4*k - 1085 = 5*n. Let u = n - l. What is the units digit of u?
8
What is the hundreds digit of 9610*(-3 - 44/(-12))/(140/168)?
6
Let r(b) = b**3 + 11*b**2 - 15*b + 12. Let t be r(-12). Let l = t - 40. Suppose -l*j + 386 + 238 = 0. What is the tens digit of j?
7
Let t(g) = -92*g**3 - g**2 + 1. Let i be t(-1). Suppose -5*h = -5, 5*n + 5*h - 83 = 92. Let v = i - n. What is the units digit of v?
8
What is the tens digit of ((-2712)/1582)/((-1)/2849)?
8
Let u(h) = -6*h**3 - 28*h**2 - 9*h - 153. What is the hundreds digit of u(-13)?
4
Suppose -6*g + g = -10. Let f(v) be the second derivative of 3*v**5/20 + v**3/6 - v**2 + v. What is the units digit of f(g)?
4
Suppose f + f - 3*u - 86 = 0, -215 = -5*f - 2*u. Let k = -38 + f. Suppose 0 = -0*x + k*x - 370. What is the units digit of x?
4
Let o(h) = -h**3 - 2*h**2 + 3*h + 5. Let n be (-16)/20 + (-57)/(-15). Suppose -4*s + 2*x - 5*x = 14, 0 = n*s - x + 17. What is the tens digit 